Suppose -4*a + 4*l + 33 + 35 = 0, -3*a + 67 = 5*l. Calculate the remainder when 1267 is divided by a.
13
Suppose -y - 3 = -6. Suppose 487 - 2563 = -12*q. Let r = 176 - q. Calculate the remainder when r is divided by y.
0
Let c(w) = 4*w + 5. Let l be -5 - (-85 - (2 - 4)). Calculate the remainder when c(11) is divided by -2*l/15*10/(-4).
23
Suppose -24*u + 20*u - 160 = 0. Let c be (-12)/u*-2*15. What is the remainder when (48/c)/(3 - (-505)/(-165)) is divided by 18?
16
Suppose -k - 646*d + 88 = -643*d, -3*k = 4*d - 269. Calculate the remainder when 332 is divided by k.
59
Let o(y) = -520*y + 9530. Calculate the remainder when o(17) is divided by 41.
34
Let b = -407 + 395. Calculate the remainder when (3/b)/((-1)/1228) is divided by 78.
73
Let d = -276 + 415. Suppose -p = 3*c - d, p = -p - 2*c + 266. What is the remainder when p is divided by 64?
2
Let q(o) = 3*o**3 - 11*o**2 + o + 11. Let h be q(10). Suppose -h = 5*b - 22*b. What is the remainder when 125 is divided by b?
12
Let m be ((-1)/3)/(13/1209). What is the remainder when (-1 + m)*(-9 + 5) is divided by 15?
8
What is the remainder when 3982 + (-54 + 64)*3/5 is divided by 29?
15
Let j = 177 - 123. Let d = 343 + -255. Suppose -3*g + 2*k - 47 = -d, 28 = 2*g - k. Calculate the remainder when j is divided by g.
9
Suppose 2*u + 16*u = 1980. Suppose 114*a - 596 = u*a. Calculate the remainder when a is divided by 15.
14
Suppose 3*s = 0, -5*s - 2 = -3*u + 7. Suppose -5*l + 34 = -u*j, -2*l + 0*j + 18 = j. Calculate the remainder when ((-1)/(-3))/((-1)/(-93)) is divided by l.
7
Let l be (10/(-10))/(3/(1*78)). Let g = 72 + -32. Let b = l + g. What is the remainder when b is divided by 4?
2
Let w(q) = -q**3 - 2*q**2 - 11*q + 14. Calculate the remainder when w(-10) is divided by 301.
21
Suppose -324*r = -81000 + 20091 - 82623. What is the remainder when r is divided by 8?
3
Suppose -3*x - 13 = -2*z, -4 = -2*x - 10. Suppose 0 = -z*l + 3*k + 359 - 104, -k - 605 = -5*l. Calculate the remainder when l is divided by 32.
24
Calculate the remainder when 570 is divided by 2/(-6) - 140/(-6).
18
Let j(u) = -3*u**2 + 128*u + 1580. What is the remainder when 1261 is divided by j(52)?
21
Let u(k) be the third derivative of 5*k**4/12 + 8*k**3 - 10*k**2. Let c be u(-5). Calculate the remainder when 16 is divided by c/6*(-42)/7 - -7.
7
What is the remainder when ((-27)/21)/(3/(-2219)) is divided by 9?
6
Suppose 0 = -171*x + 159*x + 108. Let v = 61 + -37. Suppose y + 3*y - v = 0. What is the remainder when x is divided by y?
3
Calculate the remainder when 275 is divided by 1 + (-1780)/(-14) - (7 - 8)/(-7).
19
Suppose -4*g - 1 + 21 = 2*f, 3*f = -g + 15. Suppose -4*t = -4*m - 96, 2*m - f*t + 22 = -34. Calculate the remainder when 98 is divided by m/12*(-5 - 10).
23
Let q(w) = -51*w - 15. Calculate the remainder when q(-4) is divided by (-6*(-6)/(-14))/(63/(-588)).
21
Suppose 2*c - 3*b - 332 + 333 = 0, 4*b - 20 = 0. What is the remainder when 2746 is divided by c?
2
Suppose -43*d + 32*d = 1386. Let b = 166 + d. Calculate the remainder when b is divided by 22.
18
What is the remainder when (2 - (-108)/(-51)) + 428532/2278 is divided by 100?
88
Suppose 5 = 6*k - 7. Suppose k*r + 2*f + 8 = -2, -f + 1 = -5*r. Let g(y) = -102*y**3 - y**2 - 2*y - 1. Calculate the remainder when g(r) is divided by 27.
21
Let c(z) = -3*z**2 - 47*z - 5. Calculate the remainder when 1018 is divided by c(-6).
4
Suppose 0 = -18*p + 15*p - 4*x + 395, 2*x = 4. Suppose 11*y = 10*y + 34. Calculate the remainder when p is divided by y.
27
Suppose 18*r + 34765 = 103*r. What is the remainder when r is divided by 91?
45
Suppose 0 = -5*f + 25, 4*f + 106 = 2*q - 224. Calculate the remainder when q is divided by 26.
19
Let d = 262 - 274. What is the remainder when 41 is divided by ((-56)/d)/(4 + 10/(-3))?
6
Suppose 50*u - 24934 - 34202 = 114. Calculate the remainder when u is divided by 22.
19
Let m(v) = 6*v + 122. Let t be m(-25). Let j = t - -35. Calculate the remainder when 13 is divided by j.
6
Let c = -561 + 595. Suppose -31 = -3*b + 368. What is the remainder when b is divided by c?
31
Let x(v) = 10*v**2 - 196*v + 298. What is the remainder when (8*2)/((-1)/(-2)) is divided by x(18)?
2
Let a(v) = 183*v - 507. Suppose 3*x = -c + 245, 5*x - 4*c = c + 375. Calculate the remainder when x is divided by a(3).
38
Suppose -n + 3*n - 5*p = -13, -5*n = 4*p + 115. Let q = 62 + n. What is the remainder when (q + 0 - 5) + 2 is divided by 15?
10
Let v = 603 - 585. Suppose 210 = 24*n + v*n. Let f = 3 + -2. What is the remainder when n is divided by f?
0
Let u be 0*(-5 + 45/10). Suppose -s = -u*s - 3*q - 58, -184 = -4*s - 4*q. Suppose 0 = m + 3*m - 72. Calculate the remainder when s is divided by m.
13
Let q(i) = 3*i + 11. Let a be q(-3). Let m be ((-3)/a)/((-36)/192). Suppose m*y = 18*y - 510. Calculate the remainder when y is divided by 19.
13
Suppose -10 = -m - 4*m, 0 = -4*r + 5*m + 970. Let o = 744 - 746. What is the remainder when r is divided by o + (1548/(-24))/((-3)/2)?
40
Let y be 8/(-24)*21 - -13. Suppose -c = -5*s - 90, 130 = 3*c - s - 140. Suppose -3*x = -c - y. Calculate the remainder when 95 is divided by x.
31
Calculate the remainder when 412 is divided by 1/5*(10 - -12) + 16/(-40).
0
Suppose 8*n + 62 - 30 = 0. What is the remainder when 124 is divided by (n - (-6 + 3))*13*-5?
59
Suppose 5*h - 38 = 37. Let j(x) = -x**3 - 7*x**2 + 3*x - 39. Let f be j(-8). Let v(b) = 39*b**2 - 4*b + 4. What is the remainder when v(f) is divided by h?
9
Let g(u) = 8*u - 3. Let n = 6948 + -6938. What is the remainder when g(2) is divided by n?
3
What is the remainder when (-174)/(22/(-66)*(-3 + 9)) is divided by 63?
24
Let w = -208155 + 208192. What is the remainder when 7*13 + -3 + 4 is divided by w?
18
Suppose 0 = -3*k - 411 + 1323. Suppose -5*d + 2*t + k = -2*t, 0 = 3*t - 12. What is the remainder when d is divided by 4?
0
Let o = -465 + 469. What is the remainder when (o/(-6))/(8/(-612)) is divided by 9?
6
Suppose 4*w - w - 2464 = -4*i, i - 3*w - 631 = 0. What is the remainder when i is divided by 69?
67
Let w be 4*(3 + (-33)/12) - -50. Let c = -43 + w. Suppose -281 = -c*x + 527. Calculate the remainder when x is divided by 35.
31
Let g = 2813 + -2765. What is the remainder when 59 is divided by g?
11
Let u(o) = -282*o + 2581. What is the remainder when 118 is divided by u(9)?
32
Let t(j) = j**3 - 33*j**2 - 37*j - 62. Let r be t(34). Let q = 313 + r. Calculate the remainder when q is divided by 38.
35
What is the remainder when 4880/(8/35*10/8) is divided by 13?
11
Let d(p) = 34*p**3 - p**2. Let g(t) = -t**2 + 8*t + 10. Let k be g(9). Suppose -h + 0*h = -12. Calculate the remainder when d(k) is divided by h.
9
Suppose -3*a - 222 = -5*b, -4*b + 2 + 170 = -a. What is the remainder when 204 is divided by b?
36
Suppose 29*z - 252 = 71*z. What is the remainder when (-1)/((-312)/(-314) + -1) is divided by (-1104)/23*4/z?
29
Suppose 0 = -37*o - 386*o + 27072. Suppose 4*u - 88 - 16 = 0. What is the remainder when o is divided by u?
12
Suppose -5*g + 5083 = -4*n, -3*g = 4*n - 1902 - 1167. What is the remainder when g is divided by 17?
16
Suppose -5*c - 4*y + 13 = 127, 2*y = -5*c - 112. Let x be 84/c - -4 - 774/22. Let u = -32 - x. Calculate the remainder when 20 is divided by u.
2
Let z(a) = 4*a + 25. Let l be z(11). Suppose 3*k + p = l, 2*p = -3*k - 3*p + 81. Calculate the remainder when 82 is divided by k.
16
Let f = -9 - -25. Suppose 2*z + 13*z = -5*z + 3080. What is the remainder when z is divided by f?
10
Let r(a) = 2*a**2 + 231*a + 1214. Calculate the remainder when 25 is divided by r(-110).
1
Suppose -75*f = -52*f - 19274. Calculate the remainder when f is divided by 418.
2
Let s(p) = 2*p**3 - 8*p**2 + 9*p + 9. Let a be s(11). Let y be 8/28 + a/14. Let x = -113 + y. What is the remainder when x is divided by 4?
0
Suppose -15*x = 11*g - 10*g - 372, -4*g = 2*x - 1604. Calculate the remainder when g is divided by 134.
0
What is the remainder when (-1*1/2)/(4/(-3568)) is divided by 138?
32
Let t(h) = -7*h**3 - 3*h**2. Suppose -2*n + 15 = 3*n. Suppose n*r = r + 16. Calculate the remainder when t(-2) is divided by r.
4
Let y = -3329 - -3896. Calculate the remainder when y is divided by 142.
141
Suppose -3*w + 232 = -440. Suppose -9*s + w = 7*s. Let u(q) = q**3 - 8*q**2 + 12